{"id":1043,"date":"2024-06-26T19:06:23","date_gmt":"2024-06-26T17:06:23","guid":{"rendered":"https:\/\/www.fundacionindex.com\/casamagina\/?page_id=1043"},"modified":"2024-06-26T19:06:54","modified_gmt":"2024-06-26T17:06:54","slug":"elementor-1043","status":"publish","type":"page","link":"https:\/\/casamagina.fundacionindex.com\/?page_id=1043","title":{"rendered":"Catalina Villanueva Ru\u00edz"},"content":{"rendered":"\t\t<div data-elementor-type=\"wp-page\" data-elementor-id=\"1043\" class=\"elementor elementor-1043\">\n\t\t\t\t\t\t<section class=\"elementor-section elementor-top-section elementor-element elementor-element-6d91380 elementor-section-boxed elementor-section-height-default elementor-section-height-default\" data-id=\"6d91380\" data-element_type=\"section\" data-e-type=\"section\">\n\t\t\t\t\t\t<div class=\"elementor-container elementor-column-gap-default\">\n\t\t\t\t\t<div class=\"elementor-column elementor-col-33 elementor-top-column elementor-element elementor-element-2fa31a8\" data-id=\"2fa31a8\" data-element_type=\"column\" data-e-type=\"column\">\n\t\t\t<div class=\"elementor-widget-wrap\">\n\t\t\t\t\t\t\t<\/div>\n\t\t<\/div>\n\t\t\t\t<div class=\"elementor-column elementor-col-66 elementor-top-column elementor-element elementor-element-3f4f3ac\" data-id=\"3f4f3ac\" data-element_type=\"column\" data-e-type=\"column\">\n\t\t\t<div class=\"elementor-widget-wrap elementor-element-populated\">\n\t\t\t\t\t\t<div class=\"elementor-element elementor-element-1baea60 elementor-widget elementor-widget-text-editor\" data-id=\"1baea60\" data-element_type=\"widget\" data-e-type=\"widget\" data-widget_type=\"text-editor.default\">\n\t\t\t\t<div class=\"elementor-widget-container\">\n\t\t\t\t\t\t\t\t\t<p><em>Hasta el m\u00e9dico reconoc\u00eda que en el pueblo hab\u00eda mujeres que te cuidaban y te curaban.<\/em><\/p>\t\t\t\t\t\t\t\t<\/div>\n\t\t\t\t<\/div>\n\t\t\t\t\t<\/div>\n\t\t<\/div>\n\t\t\t\t\t<\/div>\n\t\t<\/section>\n\t\t\t\t<section class=\"elementor-section elementor-top-section elementor-element elementor-element-5c36624 elementor-section-boxed elementor-section-height-default elementor-section-height-default\" data-id=\"5c36624\" data-element_type=\"section\" data-e-type=\"section\">\n\t\t\t\t\t\t<div class=\"elementor-container elementor-column-gap-default\">\n\t\t\t\t\t<div class=\"elementor-column elementor-col-50 elementor-top-column elementor-element elementor-element-ccee273\" data-id=\"ccee273\" data-element_type=\"column\" data-e-type=\"column\">\n\t\t\t<div class=\"elementor-widget-wrap elementor-element-populated\">\n\t\t\t\t\t\t<div class=\"elementor-element elementor-element-c3d2c31 elementor-widget elementor-widget-image\" data-id=\"c3d2c31\" data-element_type=\"widget\" data-e-type=\"widget\" data-widget_type=\"image.default\">\n\t\t\t\t<div class=\"elementor-widget-container\">\n\t\t\t\t\t\t\t\t\t\t\t\t\t\t\t<img fetchpriority=\"high\" decoding=\"async\" width=\"604\" height=\"854\" src=\"https:\/\/casamagina.fundacionindex.com\/wp-content\/uploads\/2024\/06\/Copia-de-Copia-de-Poster-exposicion-de-arte-minimalista-blanco-y-negro-724x1024.png\" class=\"attachment-large size-large wp-image-1046\" alt=\"\" srcset=\"https:\/\/casamagina.fundacionindex.com\/wp-content\/uploads\/2024\/06\/Copia-de-Copia-de-Poster-exposicion-de-arte-minimalista-blanco-y-negro-724x1024.png 724w, https:\/\/casamagina.fundacionindex.com\/wp-content\/uploads\/2024\/06\/Copia-de-Copia-de-Poster-exposicion-de-arte-minimalista-blanco-y-negro-212x300.png 212w, https:\/\/casamagina.fundacionindex.com\/wp-content\/uploads\/2024\/06\/Copia-de-Copia-de-Poster-exposicion-de-arte-minimalista-blanco-y-negro-768x1086.png 768w, https:\/\/casamagina.fundacionindex.com\/wp-content\/uploads\/2024\/06\/Copia-de-Copia-de-Poster-exposicion-de-arte-minimalista-blanco-y-negro-1086x1536.png 1086w, https:\/\/casamagina.fundacionindex.com\/wp-content\/uploads\/2024\/06\/Copia-de-Copia-de-Poster-exposicion-de-arte-minimalista-blanco-y-negro-1448x2048.png 1448w, https:\/\/casamagina.fundacionindex.com\/wp-content\/uploads\/2024\/06\/Copia-de-Copia-de-Poster-exposicion-de-arte-minimalista-blanco-y-negro.png 1587w\" sizes=\"(max-width: 604px) 100vw, 604px\" \/>\t\t\t\t\t\t\t\t\t\t\t\t\t\t\t<\/div>\n\t\t\t\t<\/div>\n\t\t\t\t\t<\/div>\n\t\t<\/div>\n\t\t\t\t<div class=\"elementor-column elementor-col-50 elementor-top-column elementor-element elementor-element-862451b\" data-id=\"862451b\" data-element_type=\"column\" data-e-type=\"column\">\n\t\t\t<div class=\"elementor-widget-wrap elementor-element-populated\">\n\t\t\t\t\t\t<div class=\"elementor-element elementor-element-1b85f54 elementor-widget elementor-widget-text-editor\" data-id=\"1b85f54\" data-element_type=\"widget\" data-e-type=\"widget\" data-widget_type=\"text-editor.default\">\n\t\t\t\t<div class=\"elementor-widget-container\">\n\t\t\t\t\t\t\t\t\t<p>Catalina Villanueva Ruiz de 89 a\u00f1os y nacida en Cabra del Santo Cristo, nos traslada a un tiempo en el que la conexi\u00f3n familiar era el pilar de la comunidad. A trav\u00e9s de sus relato, Catalina muestra c\u00f3mo las pr\u00e1cticas y ense\u00f1anzas familiares y comunitarias han enriquecido su vida y la de quienes la rodean, transmitiendo un legado valioso de cuidado y sabidur\u00eda.<\/p>\t\t\t\t\t\t\t\t<\/div>\n\t\t\t\t<\/div>\n\t\t\t\t\t<\/div>\n\t\t<\/div>\n\t\t\t\t\t<\/div>\n\t\t<\/section>\n\t\t\t\t<section class=\"elementor-section elementor-top-section elementor-element elementor-element-2a9919a elementor-section-boxed elementor-section-height-default elementor-section-height-default\" data-id=\"2a9919a\" data-element_type=\"section\" data-e-type=\"section\">\n\t\t\t\t\t\t<div class=\"elementor-container elementor-column-gap-default\">\n\t\t\t\t\t<div class=\"elementor-column elementor-col-100 elementor-top-column elementor-element elementor-element-f3e48a2\" data-id=\"f3e48a2\" data-element_type=\"column\" data-e-type=\"column\">\n\t\t\t<div class=\"elementor-widget-wrap elementor-element-populated\">\n\t\t\t\t\t\t<div class=\"elementor-element elementor-element-ce5a773 elementor-widget elementor-widget-text-editor\" data-id=\"ce5a773\" data-element_type=\"widget\" data-e-type=\"widget\" data-widget_type=\"text-editor.default\">\n\t\t\t\t<div class=\"elementor-widget-container\">\n\t\t\t\t\t\t\t\t\t<p>Fue una bulliciosa ma\u00f1ana de octubre cuando me cruc\u00e9 con Catalina. Entre las visitas del panadero y las vecinas, logramos entablar una conversaci\u00f3n que revelaba los valores que Catalina ha inculcado a su familia. Mientras narraba su historia, Catalina miraba con nostalgia la foto de su difunto marido y sus hijos y nietos que ahora viven lejos. Contaba los d\u00edas con ansias de reunirse con ellos nuevamente, y es que, como nos relata a trav\u00e9s de sus palabras, la comunidad es el sost\u00e9n que nos cuida.<\/p>\t\t\t\t\t\t\t\t<\/div>\n\t\t\t\t<\/div>\n\t\t\t\t\t<\/div>\n\t\t<\/div>\n\t\t\t\t\t<\/div>\n\t\t<\/section>\n\t\t\t\t<section class=\"elementor-section elementor-top-section elementor-element elementor-element-5037728 elementor-section-boxed elementor-section-height-default elementor-section-height-default\" data-id=\"5037728\" data-element_type=\"section\" data-e-type=\"section\">\n\t\t\t\t\t\t<div class=\"elementor-container elementor-column-gap-default\">\n\t\t\t\t\t<div class=\"elementor-column elementor-col-100 elementor-top-column elementor-element elementor-element-b8793ae\" data-id=\"b8793ae\" data-element_type=\"column\" data-e-type=\"column\">\n\t\t\t<div class=\"elementor-widget-wrap elementor-element-populated\">\n\t\t\t\t\t\t<div class=\"elementor-element elementor-element-64abc4f elementor-arrows-position-inside elementor-pagination-position-outside elementor-widget elementor-widget-image-carousel\" data-id=\"64abc4f\" data-element_type=\"widget\" data-e-type=\"widget\" data-settings=\"{&quot;slides_to_show&quot;:&quot;1&quot;,&quot;navigation&quot;:&quot;both&quot;,&quot;autoplay&quot;:&quot;yes&quot;,&quot;pause_on_hover&quot;:&quot;yes&quot;,&quot;pause_on_interaction&quot;:&quot;yes&quot;,&quot;autoplay_speed&quot;:5000,&quot;infinite&quot;:&quot;yes&quot;,&quot;effect&quot;:&quot;slide&quot;,&quot;speed&quot;:500}\" data-widget_type=\"image-carousel.default\">\n\t\t\t\t<div class=\"elementor-widget-container\">\n\t\t\t\t\t\t\t<div class=\"elementor-image-carousel-wrapper swiper\" role=\"region\" aria-roledescription=\"carousel\" aria-label=\"Carrusel de im\u00e1genes\" dir=\"ltr\">\n\t\t\t<div class=\"elementor-image-carousel swiper-wrapper\" aria-live=\"off\">\n\t\t\t\t\t\t\t\t<div class=\"swiper-slide\" role=\"group\" aria-roledescription=\"slide\" aria-label=\"1 de 2\"><figure class=\"swiper-slide-inner\"><img decoding=\"async\" class=\"swiper-slide-image\" src=\"https:\/\/casamagina.fundacionindex.com\/wp-content\/uploads\/2024\/06\/Catalina-y-sus-padres-768x609.jpeg\" alt=\"Catalina con sus padres y hermanos\" \/><figcaption class=\"elementor-image-carousel-caption\">Catalina con sus padres y hermanos<\/figcaption><\/figure><\/div><div class=\"swiper-slide\" role=\"group\" aria-roledescription=\"slide\" aria-label=\"2 de 2\"><figure class=\"swiper-slide-inner\"><img decoding=\"async\" class=\"swiper-slide-image\" src=\"https:\/\/casamagina.fundacionindex.com\/wp-content\/uploads\/2024\/06\/Catalina-y-su-marido-en-Barcelona-768x608.jpeg\" alt=\"Catalina y su marido en Barcelona\" \/><figcaption class=\"elementor-image-carousel-caption\">Catalina y su marido en Barcelona<\/figcaption><\/figure><\/div>\t\t\t<\/div>\n\t\t\t\t\t\t\t\t\t\t\t\t<div class=\"elementor-swiper-button elementor-swiper-button-prev\" role=\"button\" tabindex=\"0\">\n\t\t\t\t\t\t<i aria-hidden=\"true\" class=\"eicon-chevron-left\"><\/i>\t\t\t\t\t<\/div>\n\t\t\t\t\t<div class=\"elementor-swiper-button elementor-swiper-button-next\" role=\"button\" tabindex=\"0\">\n\t\t\t\t\t\t<i aria-hidden=\"true\" class=\"eicon-chevron-right\"><\/i>\t\t\t\t\t<\/div>\n\t\t\t\t\n\t\t\t\t\t\t\t\t\t<div class=\"swiper-pagination\"><\/div>\n\t\t\t\t\t\t\t\t\t<\/div>\n\t\t\t\t\t\t<\/div>\n\t\t\t\t<\/div>\n\t\t\t\t\t<\/div>\n\t\t<\/div>\n\t\t\t\t\t<\/div>\n\t\t<\/section>\n\t\t\t\t<section class=\"elementor-section elementor-top-section elementor-element elementor-element-7de7578 elementor-section-boxed elementor-section-height-default elementor-section-height-default\" data-id=\"7de7578\" data-element_type=\"section\" data-e-type=\"section\">\n\t\t\t\t\t\t<div class=\"elementor-container elementor-column-gap-default\">\n\t\t\t\t\t<div class=\"elementor-column elementor-col-33 elementor-top-column elementor-element elementor-element-4e5471b\" data-id=\"4e5471b\" data-element_type=\"column\" data-e-type=\"column\">\n\t\t\t<div class=\"elementor-widget-wrap elementor-element-populated\">\n\t\t\t\t\t\t<div class=\"elementor-element elementor-element-811ded9 elementor-widget elementor-widget-image\" data-id=\"811ded9\" data-element_type=\"widget\" data-e-type=\"widget\" data-widget_type=\"image.default\">\n\t\t\t\t<div class=\"elementor-widget-container\">\n\t\t\t\t\t\t\t\t\t\t\t\t<figure class=\"wp-caption\">\n\t\t\t\t\t\t\t\t\t\t\t<a href=\"https:\/\/www.fundacionindex.com\/casamagina\/?p=1034\">\n\t\t\t\t\t\t\t<img decoding=\"async\" width=\"510\" height=\"721\" src=\"https:\/\/casamagina.fundacionindex.com\/wp-content\/uploads\/2024\/06\/Catalina-1.png\" class=\"elementor-animation-grow attachment-1536x1536 size-1536x1536 wp-image-1049\" alt=\"\" srcset=\"https:\/\/casamagina.fundacionindex.com\/wp-content\/uploads\/2024\/06\/Catalina-1.png 510w, https:\/\/casamagina.fundacionindex.com\/wp-content\/uploads\/2024\/06\/Catalina-1-212x300.png 212w\" sizes=\"(max-width: 510px) 100vw, 510px\" \/>\t\t\t\t\t\t\t\t<\/a>\n\t\t\t\t\t\t\t\t\t\t\t<figcaption class=\"widget-image-caption wp-caption-text\">Mi historia<\/figcaption>\n\t\t\t\t\t\t\t\t\t\t<\/figure>\n\t\t\t\t\t\t\t\t\t<\/div>\n\t\t\t\t<\/div>\n\t\t\t\t\t<\/div>\n\t\t<\/div>\n\t\t\t\t<div class=\"elementor-column elementor-col-33 elementor-top-column elementor-element elementor-element-1b71762\" data-id=\"1b71762\" data-element_type=\"column\" data-e-type=\"column\">\n\t\t\t<div class=\"elementor-widget-wrap\">\n\t\t\t\t\t\t\t<\/div>\n\t\t<\/div>\n\t\t\t\t<div class=\"elementor-column elementor-col-33 elementor-top-column elementor-element elementor-element-c963491\" data-id=\"c963491\" data-element_type=\"column\" data-e-type=\"column\">\n\t\t\t<div class=\"elementor-widget-wrap\">\n\t\t\t\t\t\t\t<\/div>\n\t\t<\/div>\n\t\t\t\t\t<\/div>\n\t\t<\/section>\n\t\t\t\t<\/div>\n\t\t","protected":false},"excerpt":{"rendered":"<p>Hasta el m\u00e9dico reconoc\u00eda que en el pueblo hab\u00eda mujeres que te cuidaban y te curaban. Catalina Villanueva Ruiz de 89 a\u00f1os y nacida en Cabra del Santo Cristo, nos traslada a un tiempo en el que la conexi\u00f3n familiar era el pilar de la comunidad. A trav\u00e9s de sus relato, Catalina muestra c\u00f3mo las &hellip; <a href=\"https:\/\/casamagina.fundacionindex.com\/?page_id=1043\" class=\"more-link\">Seguir leyendo <span class=\"screen-reader-text\">Catalina Villanueva Ru\u00edz<\/span> <span class=\"meta-nav\">&rarr;<\/span><\/a><\/p>\n","protected":false},"author":5,"featured_media":0,"parent":0,"menu_order":0,"comment_status":"closed","ping_status":"closed","template":"","meta":{"footnotes":""},"class_list":["post-1043","page","type-page","status-publish","hentry"],"_links":{"self":[{"href":"https:\/\/casamagina.fundacionindex.com\/index.php?rest_route=\/wp\/v2\/pages\/1043","targetHints":{"allow":["GET"]}}],"collection":[{"href":"https:\/\/casamagina.fundacionindex.com\/index.php?rest_route=\/wp\/v2\/pages"}],"about":[{"href":"https:\/\/casamagina.fundacionindex.com\/index.php?rest_route=\/wp\/v2\/types\/page"}],"author":[{"embeddable":true,"href":"https:\/\/casamagina.fundacionindex.com\/index.php?rest_route=\/wp\/v2\/users\/5"}],"replies":[{"embeddable":true,"href":"https:\/\/casamagina.fundacionindex.com\/index.php?rest_route=%2Fwp%2Fv2%2Fcomments&post=1043"}],"version-history":[{"count":5,"href":"https:\/\/casamagina.fundacionindex.com\/index.php?rest_route=\/wp\/v2\/pages\/1043\/revisions"}],"predecessor-version":[{"id":1053,"href":"https:\/\/casamagina.fundacionindex.com\/index.php?rest_route=\/wp\/v2\/pages\/1043\/revisions\/1053"}],"wp:attachment":[{"href":"https:\/\/casamagina.fundacionindex.com\/index.php?rest_route=%2Fwp%2Fv2%2Fmedia&parent=1043"}],"curies":[{"name":"wp","href":"https:\/\/api.w.org\/{rel}","templated":true}]}}