{"id":214,"date":"2022-06-04T10:20:47","date_gmt":"2022-06-04T08:20:47","guid":{"rendered":"http:\/\/www.fundacionindex.com\/casamagina\/?page_id=214"},"modified":"2022-06-06T17:28:46","modified_gmt":"2022-06-06T15:28:46","slug":"biblioteca","status":"publish","type":"page","link":"https:\/\/casamagina.fundacionindex.com\/?page_id=214","title":{"rendered":"Biblioteca"},"content":{"rendered":"\n<figure class=\"wp-block-image size-large\"><img fetchpriority=\"high\" decoding=\"async\" width=\"1022\" height=\"283\" src=\"http:\/\/casamagina.fundacionindex.com\/wp-content\/uploads\/2022\/06\/bibliotecax.jpg\" alt=\"\" class=\"wp-image-245\" srcset=\"https:\/\/casamagina.fundacionindex.com\/wp-content\/uploads\/2022\/06\/bibliotecax.jpg 1022w, https:\/\/casamagina.fundacionindex.com\/wp-content\/uploads\/2022\/06\/bibliotecax-300x83.jpg 300w, https:\/\/casamagina.fundacionindex.com\/wp-content\/uploads\/2022\/06\/bibliotecax-768x213.jpg 768w\" sizes=\"(max-width: 1022px) 100vw, 1022px\" \/><\/figure>\n\n\n\n<div class=\"wp-block-media-text alignwide is-stacked-on-mobile\" style=\"grid-template-columns:24% auto\"><figure class=\"wp-block-media-text__media\"><img decoding=\"async\" width=\"167\" height=\"177\" src=\"http:\/\/casamagina.fundacionindex.com\/wp-content\/uploads\/2022\/06\/cartelap.gif\" alt=\"\" class=\"wp-image-216 size-full\"\/><\/figure><div class=\"wp-block-media-text__content\">\n<p class=\"has-text-align-right has-light-orange-color has-text-color has-small-font-size\"><em>Cuando la luz m\u00e1gica de la tarde inunda los anaqueles de la biblioteca, <\/em><br><em>en un juego de contraluces que simulan presencias misteriosas, <\/em><br><em>ese fugaz momento que precede a la penumbra <\/em><br><em>produce algo en el esp\u00edritu de quienes la habitamos.<\/em><\/p>\n\n\n\n<p class=\"has-normal-font-size\">Casa de M\u00e1gina cuenta con un fondo bibliogr\u00e1fico de m\u00e1s de 5000 vol\u00famenes y aprox. 8.000 documentos con secciones especializadas en historia, antropolog\u00eda y literatura.<\/p>\n<\/div><\/div>\n\n\n\n<figure class=\"wp-block-table\"><table><tbody><tr><td><strong><span class=\"has-inline-color has-medium-orange-color\">FHS Fondo de Historia de la Salud<\/span><\/strong>. Contiene documentos originales de inter\u00e9s para la historia de los cuidados de salud:&nbsp;textos de formaci\u00f3n, resoluciones oficiales, ordenamientos jur\u00eddicos, normativas hospitalarias y de otras instituciones asistenciales, acuerdos de concejos sobre salud p\u00fablica, etc. Algunos de ellos son manuscritos y pergaminos con un valor paleogr\u00e1fico importante. Los textos m\u00e1s antiguos datan del siglo XIV&nbsp;<\/td><\/tr><tr><td><span class=\"has-inline-color has-medium-orange-color\"><strong>Archivo de registros audiovisuales.<\/strong>&nbsp;<\/span>&nbsp;Fondo compuesto por fotograf\u00edas y grabaciones en v\u00eddeo y audio, adem\u00e1s de recuperar documentos de gran valor para la historia reciente de la enfermer\u00eda, incorpora materiales actuales con el objeto de promover formas alternativas de presentaci\u00f3n de datos en la investigaci\u00f3n. <\/td><\/tr><tr><td><strong><span class=\"has-inline-color has-medium-orange-color\">Biblioteca giennense<\/span><\/strong><em>.<\/em>&nbsp;Fondo bibliogr\u00e1fico y documental de tem\u00e1tica giennense con un \u00e1rea especializada en historia y cultura popular de Sierra M\u00e1gina.<\/td><\/tr><\/tbody><\/table><\/figure>\n\n\n\n<figure class=\"wp-block-image size-large\"><img decoding=\"async\" width=\"1024\" height=\"768\" src=\"http:\/\/casamagina.fundacionindex.com\/wp-content\/uploads\/2022\/06\/nov-07-5.jpg\" alt=\"\" class=\"wp-image-243\" srcset=\"https:\/\/casamagina.fundacionindex.com\/wp-content\/uploads\/2022\/06\/nov-07-5.jpg 1024w, https:\/\/casamagina.fundacionindex.com\/wp-content\/uploads\/2022\/06\/nov-07-5-300x225.jpg 300w, https:\/\/casamagina.fundacionindex.com\/wp-content\/uploads\/2022\/06\/nov-07-5-768x576.jpg 768w\" sizes=\"(max-width: 1024px) 100vw, 1024px\" \/><\/figure>\n\n\n\n<h5 class=\"has-medium-orange-color has-text-color wp-block-heading\">Documentos<\/h5>\n\n\n\n<p>Preg\u00f3n de las Fiestas de Cabra del Santo Cristo, por el presidente de la Fundaci\u00f3n Index, el 14 de agosto de 2014. <a href=\"http:\/\/casamagina.fundacionindex.com\/?page_id=264\">VER<\/a><\/p>\n","protected":false},"excerpt":{"rendered":"<p>Cuando la luz m\u00e1gica de la tarde inunda los anaqueles de la biblioteca, en un juego de contraluces que simulan presencias misteriosas, ese fugaz momento que precede a la penumbra produce algo en el esp\u00edritu de quienes la habitamos. Casa de M\u00e1gina cuenta con un fondo bibliogr\u00e1fico de m\u00e1s de 5000 vol\u00famenes y aprox. 8.000 &hellip; <a href=\"https:\/\/casamagina.fundacionindex.com\/?page_id=214\" class=\"more-link\">Seguir leyendo <span class=\"screen-reader-text\">Biblioteca<\/span> <span class=\"meta-nav\">&rarr;<\/span><\/a><\/p>\n","protected":false},"author":3,"featured_media":0,"parent":0,"menu_order":0,"comment_status":"closed","ping_status":"closed","template":"","meta":{"footnotes":""},"class_list":["post-214","page","type-page","status-publish","hentry"],"_links":{"self":[{"href":"https:\/\/casamagina.fundacionindex.com\/index.php?rest_route=\/wp\/v2\/pages\/214","targetHints":{"allow":["GET"]}}],"collection":[{"href":"https:\/\/casamagina.fundacionindex.com\/index.php?rest_route=\/wp\/v2\/pages"}],"about":[{"href":"https:\/\/casamagina.fundacionindex.com\/index.php?rest_route=\/wp\/v2\/types\/page"}],"author":[{"embeddable":true,"href":"https:\/\/casamagina.fundacionindex.com\/index.php?rest_route=\/wp\/v2\/users\/3"}],"replies":[{"embeddable":true,"href":"https:\/\/casamagina.fundacionindex.com\/index.php?rest_route=%2Fwp%2Fv2%2Fcomments&post=214"}],"version-history":[{"count":10,"href":"https:\/\/casamagina.fundacionindex.com\/index.php?rest_route=\/wp\/v2\/pages\/214\/revisions"}],"predecessor-version":[{"id":323,"href":"https:\/\/casamagina.fundacionindex.com\/index.php?rest_route=\/wp\/v2\/pages\/214\/revisions\/323"}],"wp:attachment":[{"href":"https:\/\/casamagina.fundacionindex.com\/index.php?rest_route=%2Fwp%2Fv2%2Fmedia&parent=214"}],"curies":[{"name":"wp","href":"https:\/\/api.w.org\/{rel}","templated":true}]}}