{"id":476,"date":"2023-02-04T13:17:19","date_gmt":"2023-02-04T12:17:19","guid":{"rendered":"http:\/\/www.fundacionindex.com\/casamagina\/?page_id=476"},"modified":"2025-12-24T09:24:12","modified_gmt":"2025-12-24T08:24:12","slug":"tierra-vacia","status":"publish","type":"page","link":"https:\/\/casamagina.fundacionindex.com\/?page_id=476","title":{"rendered":"Tierra vac\u00eda"},"content":{"rendered":"\n<p>Esta secci\u00f3n incluye narrativas breves con las que se destacan los valores de las gentes y el patrimonio cultural asociado al mundo rural, con algunas pinceladas a expresiones de las tribus urbanas.<\/p>\n\n\n\n<div class=\"wp-block-media-text alignwide is-stacked-on-mobile is-vertically-aligned-top\" style=\"grid-template-columns:24% auto\"><figure class=\"wp-block-media-text__media\"><img fetchpriority=\"high\" decoding=\"async\" width=\"542\" height=\"1024\" src=\"https:\/\/casamagina.fundacionindex.com\/wp-content\/uploads\/2025\/12\/gargantonrec-542x1024.jpg\" alt=\"\" class=\"wp-image-1504 size-full\" srcset=\"https:\/\/casamagina.fundacionindex.com\/wp-content\/uploads\/2025\/12\/gargantonrec-542x1024.jpg 542w, https:\/\/casamagina.fundacionindex.com\/wp-content\/uploads\/2025\/12\/gargantonrec-159x300.jpg 159w, https:\/\/casamagina.fundacionindex.com\/wp-content\/uploads\/2025\/12\/gargantonrec-768x1452.jpg 768w, https:\/\/casamagina.fundacionindex.com\/wp-content\/uploads\/2025\/12\/gargantonrec-813x1536.jpg 813w, https:\/\/casamagina.fundacionindex.com\/wp-content\/uploads\/2025\/12\/gargantonrec-1084x2048.jpg 1084w, https:\/\/casamagina.fundacionindex.com\/wp-content\/uploads\/2025\/12\/gargantonrec.jpg 1209w\" sizes=\"(max-width: 542px) 100vw, 542px\" \/><\/figure><div class=\"wp-block-media-text__content\">\n<p style=\"font-size:23px\"><a href=\"https:\/\/casamagina.fundacionindex.com\/?page_id=1497\">Aullidos de M\u00e1gina<\/a><\/p>\n\n\n\n<p style=\"font-size:20px\"><a href=\"https:\/\/casamagina.fundacionindex.com\/?page_id=1476\">Y dijo Dios: h\u00e1gase la luz<\/a><\/p>\n\n\n\n<p class=\"has-medium-font-size\"><a href=\"https:\/\/casamagina.fundacionindex.com\/?page_id=929\">La mejora de la muerte<\/a><\/p>\n\n\n\n<p class=\"has-medium-font-size\"><a href=\"http:\/\/casamagina.fundacionindex.com\/?page_id=874\">Traici\u00f3n y milagro en Chincoya<\/a><\/p>\n\n\n\n<p class=\"has-medium-font-size\"><a href=\"http:\/\/casamagina.fundacionindex.com\/?page_id=530\">C\u00f3lico miserere<\/a><\/p>\n\n\n\n<p class=\"has-medium-font-size\"><a href=\"http:\/\/casamagina.fundacionindex.com\/?page_id=799\">La danza del enamorado y la hechicera<\/a><\/p>\n\n\n\n<p class=\"has-medium-font-size\"><a href=\"http:\/\/casamagina.fundacionindex.com\/?page_id=506\">El exorcismo de Motavita<\/a><\/p>\n\n\n\n<p class=\"has-medium-font-size\"><a href=\"http:\/\/casamagina.fundacionindex.com\/?page_id=785\">In Dei nomine amen<\/a><\/p>\n\n\n\n<p class=\"has-medium-font-size\"><a href=\"http:\/\/casamagina.fundacionindex.com\/?page_id=661\">Sobre la Loma de la Luz<\/a><\/p>\n\n\n\n<p class=\"has-medium-font-size\"><a href=\"http:\/\/casamagina.fundacionindex.com\/?page_id=519\">Peregrino hacia el Tibet<\/a><\/p>\n\n\n\n<p class=\"has-medium-font-size\"><a href=\"http:\/\/casamagina.fundacionindex.com\/?page_id=514\">La ni\u00f1a de la calle de la Sopa<\/a><\/p>\n\n\n\n<p class=\"has-medium-font-size\"><a href=\"http:\/\/casamagina.fundacionindex.com\/?page_id=509\">La huelga de hambre<\/a><\/p>\n\n\n\n<p class=\"has-medium-font-size\"><a href=\"http:\/\/casamagina.fundacionindex.com\/?page_id=499\">La vereda, la comadrona y su nieta<\/a><\/p>\n\n\n\n<p class=\"has-medium-font-size\"><a href=\"http:\/\/casamagina.fundacionindex.com\/?page_id=427\">El peque\u00f1o memorialista<\/a><\/p>\n\n\n\n<p class=\"has-medium-font-size\"><a href=\"http:\/\/casamagina.fundacionindex.com\/?page_id=480\">El cristo de la mesonera Mar\u00eda Rienda<\/a><\/p>\n\n\n\n<p class=\"has-medium-font-size\"><a href=\"http:\/\/casamagina.fundacionindex.com\/?page_id=486\">La oliva de Fuentebuena<\/a><\/p>\n\n\n\n<p class=\"has-medium-font-size\"><a href=\"http:\/\/casamagina.fundacionindex.com\/?page_id=490\">Una despensa en el Tarahal<\/a><\/p>\n\n\n\n<p class=\"has-medium-font-size\"><a href=\"https:\/\/casamagina.fundacionindex.com\/?page_id=1465\">V\u00edspera del d\u00eda de muertos<\/a><\/p>\n<\/div><\/div>\n\n\n\n<p>Si te gustan mis relatos breves, h\u00e1zmelo saber dejando un comentario, te quedar\u00e9 agradecido<\/p>\n","protected":false},"excerpt":{"rendered":"<p>Esta secci\u00f3n incluye narrativas breves con las que se destacan los valores de las gentes y el patrimonio cultural asociado al mundo rural, con algunas pinceladas a expresiones de las tribus urbanas. Aullidos de M\u00e1gina Y dijo Dios: h\u00e1gase la luz La mejora de la muerte Traici\u00f3n y milagro en Chincoya C\u00f3lico miserere La danza &hellip; <a href=\"https:\/\/casamagina.fundacionindex.com\/?page_id=476\" class=\"more-link\">Seguir leyendo <span class=\"screen-reader-text\">Tierra vac\u00eda<\/span> <span class=\"meta-nav\">&rarr;<\/span><\/a><\/p>\n","protected":false},"author":3,"featured_media":0,"parent":0,"menu_order":0,"comment_status":"open","ping_status":"closed","template":"","meta":{"footnotes":""},"class_list":["post-476","page","type-page","status-publish","hentry"],"_links":{"self":[{"href":"https:\/\/casamagina.fundacionindex.com\/index.php?rest_route=\/wp\/v2\/pages\/476","targetHints":{"allow":["GET"]}}],"collection":[{"href":"https:\/\/casamagina.fundacionindex.com\/index.php?rest_route=\/wp\/v2\/pages"}],"about":[{"href":"https:\/\/casamagina.fundacionindex.com\/index.php?rest_route=\/wp\/v2\/types\/page"}],"author":[{"embeddable":true,"href":"https:\/\/casamagina.fundacionindex.com\/index.php?rest_route=\/wp\/v2\/users\/3"}],"replies":[{"embeddable":true,"href":"https:\/\/casamagina.fundacionindex.com\/index.php?rest_route=%2Fwp%2Fv2%2Fcomments&post=476"}],"version-history":[{"count":30,"href":"https:\/\/casamagina.fundacionindex.com\/index.php?rest_route=\/wp\/v2\/pages\/476\/revisions"}],"predecessor-version":[{"id":1505,"href":"https:\/\/casamagina.fundacionindex.com\/index.php?rest_route=\/wp\/v2\/pages\/476\/revisions\/1505"}],"wp:attachment":[{"href":"https:\/\/casamagina.fundacionindex.com\/index.php?rest_route=%2Fwp%2Fv2%2Fmedia&parent=476"}],"curies":[{"name":"wp","href":"https:\/\/api.w.org\/{rel}","templated":true}]}}