{"id":486,"date":"2023-02-04T14:08:13","date_gmt":"2023-02-04T13:08:13","guid":{"rendered":"http:\/\/www.fundacionindex.com\/casamagina\/?page_id=486"},"modified":"2023-08-16T14:04:46","modified_gmt":"2023-08-16T12:04:46","slug":"la-oliva-de-fuentebuena","status":"publish","type":"page","link":"https:\/\/casamagina.fundacionindex.com\/?page_id=486","title":{"rendered":"La oliva de Fuentebuena"},"content":{"rendered":"\n<figure class=\"wp-block-image size-large\"><img fetchpriority=\"high\" decoding=\"async\" width=\"1024\" height=\"719\" src=\"http:\/\/casamagina.fundacionindex.com\/wp-content\/uploads\/2023\/02\/olivaFB-1024x719.jpg\" alt=\"\" class=\"wp-image-487\" srcset=\"https:\/\/casamagina.fundacionindex.com\/wp-content\/uploads\/2023\/02\/olivaFB-1024x719.jpg 1024w, https:\/\/casamagina.fundacionindex.com\/wp-content\/uploads\/2023\/02\/olivaFB-300x211.jpg 300w, https:\/\/casamagina.fundacionindex.com\/wp-content\/uploads\/2023\/02\/olivaFB-768x539.jpg 768w, https:\/\/casamagina.fundacionindex.com\/wp-content\/uploads\/2023\/02\/olivaFB.jpg 1028w\" sizes=\"(max-width: 1024px) 100vw, 1024px\" \/><\/figure>\n\n\n\n<p class=\"has-medium-brown-color has-text-color has-medium-font-size\">Es como si en la semilla hubiese ca\u00eddo una gota de heraclefobia, el alimento de los dioses de Wells. Ponerse bajo la oliva de Fuentebuena es como recorrer la nave de una catedral. Pasear entre los reflejos cristalinos de una espesa c\u00fapula de ramaje, entre arbotantes caprichosos que van a descansar al suelo para soportar el peso de sus encorvadas ramas cargadas de fruto. <\/p>\n\n\n\n<p>Las dimensiones son desproporcionadas a\u00fan para los que nacimos entre mares de olivos: tan alto como un edificio de cinco plantas, que precisar\u00eda de los brazos de toda una cuadrilla de aceituneros para perimetrarlo. Dicen que tiene la propiedad de dar a la vez cosechas de picual y de arbequina, aunque a m\u00ed las aceitunas dejadas para la rebusca me parecieron de cornezuelo. Dicen que hubo a\u00f1os que ella sola produjo tanto como una finca familiar. Y dicen que fue plantado hace muchos, cientos de a\u00f1os, por unos frailes mendicantes para sacar el aceite de los santos \u00f3leos.<\/p>\n\n\n\n<p>La oliva de Fuentebuena fue declarada patrimonio natural por la Junta de Andaluc\u00eda y est\u00e1 puesta en el libro Guinnes como la m\u00e1s grande del mundo. O al menos eso me ha contado David, el vecino mec\u00e1nico de motosierras de la cercana aldea de Los Guijalbas, que me acompa\u00f1\u00f3 a ver el monumento y que te recomiendo conocer tanto como a la oliva. \u00c9l te podr\u00e1 contar las peripecias de tan singular \u00e1rbol, y seguro que te mostrar\u00e1 su colecci\u00f3n de antig\u00fcedades, fruto de su afici\u00f3n al campo y a guaquear los contornos.<\/p>\n\n\n\n<p>Ante tama\u00f1o espect\u00e1culo, uno se pregunta qu\u00e9 criterio utiliza la madre naturaleza para recompensar de una manera tan desorbitada a uno de sus hijos. Para ver la oliva de Fuentebuena es preciso tomar desde Arrollo del Ojanco (Ja\u00e9n) la carretera local a Beas de Segura, lo encontrar\u00e1s a cincuenta metros del cruce de Prados de Armijo. <em>Manuel Amezcua<\/em><\/p>\n\n\n\n<p style=\"font-size:15px\">&#8230;&#8230;&#8230;&#8230;&#8230;&#8230;&#8230;&#8230;&#8230;&#8230;.<br>Si te gustan mis relatos breves puedes encontrar algunos m\u00e1s en la secci\u00f3n #<a href=\"http:\/\/casamagina.fundacionindex.com\/?page_id=476\">TierraVac\u00eda<\/a> de la #CasaDeM\u00e1gina. Tambi\u00e9n puedes dejarme un comentario con lo que m\u00e1s te haya gustado, te quedar\u00e9 agradecido.<\/p>\n","protected":false},"excerpt":{"rendered":"<p>Es como si en la semilla hubiese ca\u00eddo una gota de heraclefobia, el alimento de los dioses de Wells. Ponerse bajo la oliva de Fuentebuena es como recorrer la nave de una catedral. Pasear entre los reflejos cristalinos de una espesa c\u00fapula de ramaje, entre arbotantes caprichosos que van a descansar al suelo para soportar &hellip; <a href=\"https:\/\/casamagina.fundacionindex.com\/?page_id=486\" class=\"more-link\">Seguir leyendo <span class=\"screen-reader-text\">La oliva de Fuentebuena<\/span> <span class=\"meta-nav\">&rarr;<\/span><\/a><\/p>\n","protected":false},"author":3,"featured_media":0,"parent":0,"menu_order":0,"comment_status":"open","ping_status":"closed","template":"","meta":{"footnotes":""},"class_list":["post-486","page","type-page","status-publish","hentry"],"_links":{"self":[{"href":"https:\/\/casamagina.fundacionindex.com\/index.php?rest_route=\/wp\/v2\/pages\/486","targetHints":{"allow":["GET"]}}],"collection":[{"href":"https:\/\/casamagina.fundacionindex.com\/index.php?rest_route=\/wp\/v2\/pages"}],"about":[{"href":"https:\/\/casamagina.fundacionindex.com\/index.php?rest_route=\/wp\/v2\/types\/page"}],"author":[{"embeddable":true,"href":"https:\/\/casamagina.fundacionindex.com\/index.php?rest_route=\/wp\/v2\/users\/3"}],"replies":[{"embeddable":true,"href":"https:\/\/casamagina.fundacionindex.com\/index.php?rest_route=%2Fwp%2Fv2%2Fcomments&post=486"}],"version-history":[{"count":2,"href":"https:\/\/casamagina.fundacionindex.com\/index.php?rest_route=\/wp\/v2\/pages\/486\/revisions"}],"predecessor-version":[{"id":843,"href":"https:\/\/casamagina.fundacionindex.com\/index.php?rest_route=\/wp\/v2\/pages\/486\/revisions\/843"}],"wp:attachment":[{"href":"https:\/\/casamagina.fundacionindex.com\/index.php?rest_route=%2Fwp%2Fv2%2Fmedia&parent=486"}],"curies":[{"name":"wp","href":"https:\/\/api.w.org\/{rel}","templated":true}]}}