{"id":509,"date":"2023-02-06T10:20:18","date_gmt":"2023-02-06T09:20:18","guid":{"rendered":"http:\/\/www.fundacionindex.com\/casamagina\/?page_id=509"},"modified":"2023-08-16T13:59:31","modified_gmt":"2023-08-16T11:59:31","slug":"la-huelga-de-hambre","status":"publish","type":"page","link":"https:\/\/casamagina.fundacionindex.com\/?page_id=509","title":{"rendered":"La huelga de hambre"},"content":{"rendered":"\n<figure class=\"wp-block-image size-large\"><img fetchpriority=\"high\" decoding=\"async\" width=\"1024\" height=\"673\" src=\"http:\/\/casamagina.fundacionindex.com\/wp-content\/uploads\/2023\/02\/IMG-1024x673.jpg\" alt=\"\" class=\"wp-image-631\" srcset=\"https:\/\/casamagina.fundacionindex.com\/wp-content\/uploads\/2023\/02\/IMG-1024x673.jpg 1024w, https:\/\/casamagina.fundacionindex.com\/wp-content\/uploads\/2023\/02\/IMG-300x197.jpg 300w, https:\/\/casamagina.fundacionindex.com\/wp-content\/uploads\/2023\/02\/IMG-768x505.jpg 768w, https:\/\/casamagina.fundacionindex.com\/wp-content\/uploads\/2023\/02\/IMG-1536x1009.jpg 1536w, https:\/\/casamagina.fundacionindex.com\/wp-content\/uploads\/2023\/02\/IMG-rotated.jpg 1784w\" sizes=\"(max-width: 1024px) 100vw, 1024px\" \/><\/figure>\n\n\n\n<p class=\"has-medium-brown-color has-text-color has-medium-font-size\">Podr\u00eda parecer el interior de una tienda en placentera acampada, si no fuera porque faltan mujeres y ni\u00f1os y no hay m\u00e1s alimento que un garraf\u00f3n de agua purificada. Se llaman Cirilo Virgen, Jos\u00e9 Luis P\u00e9rez y Alberto Pintor. Por sus largos bigotes pod\u00edan pasar por campesinos revolucionarios, pero en realidad son maestros  de escuela en huelga de hambre. No cultivan los agaves de los que rezuma el ardiente mezcal, pero cuidan el semillero de talentos que van a construir el M\u00e9xico del siglo XXI.<\/p>\n\n\n\n<p>Pertenecen al <em>Movimiento de Bases Magisteriales de Jalisco<\/em> y son la avanzadilla de un par\u00f3n que desde hace varias semanas viene desafiando al secretario de Educaci\u00f3n y al gobernador del Estado con un paquete de demandas con las que pretenden aliviar la secular indignidad laboral de los maestros: aumento salarial, m\u00e1s d\u00edas de aguinaldo, mayores prestaciones del Estado, m\u00e1s presupuesto para la ense\u00f1anza, m\u00e1s democracia\u2026<\/p>\n\n\n\n<p>El desvencijado campamento se encontraba instalado frente al Palacio del Gobernador, estorbando la vista del ostentoso templete que adorna la plaza de la Liberaci\u00f3n. Lo encontraba a diario cuando iba a la plaza Tapat\u00eda a coger el cami\u00f3n que me llevaba a la Universidad, hasta que una tarde no pude aguantar m\u00e1s y me decid\u00ed a conocer por vez primera a alguien que comete el atrevimiento de ponerse en huelga de hambre. <\/p>\n\n\n\n<p>Como era de esperar todo era distinto a como me lo hab\u00eda imaginado. Bajo el toldo azul de la tienda campera, aquello parec\u00eda m\u00e1s bien la oficina de un destacamento revolucionario, donde hab\u00eda que hacer cola para ser recibidos por los huelguistas. Al entrar me avisaron que dispondr\u00eda de un m\u00e1ximo de tres minutos para parlamentar, pero cuando el cabecilla Cirilo supo que era espa\u00f1ol la cosa vari\u00f3 y se entretuvo en contarme la lamentable historia del magisterio mexicano y de sus desdichas, que no han remediado ni las revoluciones ni los dictadores, ni los dem\u00f3cratas ni nadie. <\/p>\n\n\n\n<p>La huelga de hambre llega inevitablemente como un acto de desesperaci\u00f3n ante la sordera de las instituciones. Ya llevaban ocho d\u00edas sin probar bocado, solo agua y una cucharada de miel al d\u00eda para balancear la glucosa, y a\u00fan soportaban los reproches de alg\u00fan chilango que los hab\u00eda tachado de flojos. <\/p>\n\n\n\n<p>Cuando el maestro Pintor supo que yo era enfermero no dud\u00f3 en sacar de una caja llena de b\u00e1rtulos un tensi\u00f3metro digno de museo para que les tomase la tensi\u00f3n, con lo que me convert\u00ed en el celador de su salud en las tardes sucesivas mientras dur\u00e9 en Guadalajara. La \u00faltima vez que tertuli\u00e9 con ellos estaban m\u00e1s desesperanzados que nunca porque las negociaciones se hab\u00edan roto de nuevo. Casi no se levantaban de la dura esterilla por preservar al m\u00e1ximo sus energ\u00edas, sus ojos enrojecidos y exentos de mirada, su semblante tan deca\u00eddo como sus expectativas. Me pidieron que les tomase una foto para poder ense\u00f1ar a los europeos su dura realidad. Y as\u00ed lo hice.<\/p>\n\n\n\n<p>Pens\u00e1ndolo bien no deja de ser parad\u00f3jico que unos maestros se pongan en huelga de hambre. El hambre y el magisterio llevan siglos caminando de la mano. <em>Manuel Amezcua<\/em><\/p>\n\n\n\n<p class=\"has-small-font-size\">&#8230;&#8230;&#8230;&#8230;&#8230;&#8230;&#8230;&#8230;&#8230;&#8230;&#8230;<br>Escrib\u00ed este relato para la revista Index en 2004, relativo a una escena que presenci\u00e9 cuando realizaba una estancia acad\u00e9mica dos a\u00f1os antes en la ciudad mexicana de Guadalajara.<\/p>\n\n\n\n<p style=\"font-size:15px\"><em>Agave<\/em>:  pita o maguey cultivado en el altiplano de M\u00e9xico de la que se extrae el jugo para fermentar el tequila.<br><em>Aguinaldo<\/em>: derecho que tienen los trabajadores en M\u00e9xico a recibir una retribuci\u00f3n extra al tiempo de navidad.<br><em>Cami\u00f3n<\/em>: as\u00ed se llama en M\u00e9xico a los autobuses urbanos.<br><em>Chilango<\/em>: as\u00ed suele llamarse a los naturales de la ciudad de M\u00e9xico.<br><em>Mezcal<\/em>: aguardiente que se obtiene por fermentaci\u00f3n y destilaci\u00f3n de las cabezas del agave.<\/p>\n\n\n\n<p style=\"font-size:15px\">&#8230;&#8230;&#8230;&#8230;&#8230;&#8230;&#8230;&#8230;&#8230;&#8230;.<br>Si te gustan mis relatos breves puedes encontrar algunos m\u00e1s en la secci\u00f3n #<a href=\"http:\/\/casamagina.fundacionindex.com\/?page_id=476\">TierraVac\u00eda<\/a> de la #CasaDeM\u00e1gina. Tambi\u00e9n puedes dejarme un comentario con lo que m\u00e1s te haya gustado, te quedar\u00e9 agradecido.<\/p>\n","protected":false},"excerpt":{"rendered":"<p>Podr\u00eda parecer el interior de una tienda en placentera acampada, si no fuera porque faltan mujeres y ni\u00f1os y no hay m\u00e1s alimento que un garraf\u00f3n de agua purificada. Se llaman Cirilo Virgen, Jos\u00e9 Luis P\u00e9rez y Alberto Pintor. Por sus largos bigotes pod\u00edan pasar por campesinos revolucionarios, pero en realidad son maestros de escuela &hellip; <a href=\"https:\/\/casamagina.fundacionindex.com\/?page_id=509\" class=\"more-link\">Seguir leyendo <span class=\"screen-reader-text\">La huelga de hambre<\/span> <span class=\"meta-nav\">&rarr;<\/span><\/a><\/p>\n","protected":false},"author":3,"featured_media":0,"parent":0,"menu_order":0,"comment_status":"open","ping_status":"closed","template":"","meta":{"footnotes":""},"class_list":["post-509","page","type-page","status-publish","hentry"],"_links":{"self":[{"href":"https:\/\/casamagina.fundacionindex.com\/index.php?rest_route=\/wp\/v2\/pages\/509","targetHints":{"allow":["GET"]}}],"collection":[{"href":"https:\/\/casamagina.fundacionindex.com\/index.php?rest_route=\/wp\/v2\/pages"}],"about":[{"href":"https:\/\/casamagina.fundacionindex.com\/index.php?rest_route=\/wp\/v2\/types\/page"}],"author":[{"embeddable":true,"href":"https:\/\/casamagina.fundacionindex.com\/index.php?rest_route=\/wp\/v2\/users\/3"}],"replies":[{"embeddable":true,"href":"https:\/\/casamagina.fundacionindex.com\/index.php?rest_route=%2Fwp%2Fv2%2Fcomments&post=509"}],"version-history":[{"count":5,"href":"https:\/\/casamagina.fundacionindex.com\/index.php?rest_route=\/wp\/v2\/pages\/509\/revisions"}],"predecessor-version":[{"id":838,"href":"https:\/\/casamagina.fundacionindex.com\/index.php?rest_route=\/wp\/v2\/pages\/509\/revisions\/838"}],"wp:attachment":[{"href":"https:\/\/casamagina.fundacionindex.com\/index.php?rest_route=%2Fwp%2Fv2%2Fmedia&parent=509"}],"curies":[{"name":"wp","href":"https:\/\/api.w.org\/{rel}","templated":true}]}}