{"id":514,"date":"2023-02-06T11:55:43","date_gmt":"2023-02-06T10:55:43","guid":{"rendered":"http:\/\/www.fundacionindex.com\/casamagina\/?page_id=514"},"modified":"2023-08-16T13:57:24","modified_gmt":"2023-08-16T11:57:24","slug":"la-nina-de-la-calle-de-la-sopa","status":"publish","type":"page","link":"https:\/\/casamagina.fundacionindex.com\/?page_id=514","title":{"rendered":"La ni\u00f1a de la calle de la Sopa"},"content":{"rendered":"\n<div class=\"wp-block-media-text alignwide is-stacked-on-mobile is-vertically-aligned-bottom\" style=\"grid-template-columns:63% auto\"><figure class=\"wp-block-media-text__media\"><img fetchpriority=\"high\" decoding=\"async\" width=\"761\" height=\"894\" src=\"http:\/\/casamagina.fundacionindex.com\/wp-content\/uploads\/2023\/02\/sopa.png\" alt=\"\" class=\"wp-image-515 size-full\" srcset=\"https:\/\/casamagina.fundacionindex.com\/wp-content\/uploads\/2023\/02\/sopa.png 761w, https:\/\/casamagina.fundacionindex.com\/wp-content\/uploads\/2023\/02\/sopa-255x300.png 255w\" sizes=\"(max-width: 761px) 100vw, 761px\" \/><\/figure><div class=\"wp-block-media-text__content\">\n<p class=\"has-small-font-size\">Escrib\u00ed este relato para la revista Index en el a\u00f1o 2000, comentando una fotograf\u00eda de Enrique Mel\u00e9ndez de la Fuente&nbsp;(1881-1965), el fot\u00f3grafo sevillano de lo prohibido, de una serie de ellas dedicadas a las prostitutas de la calle de la Sopa de Sevilla.<\/p>\n<\/div><\/div>\n\n\n\n<p class=\"has-medium-brown-color has-text-color has-medium-font-size\">Rara pose para quien mercadea con su cuerpo, ocultando al fot\u00f3grafo con sus manos delicadas, en un gesto de apocamiento, aquello que debiera ser el centro de su negocio. La explicaci\u00f3n hay que buscarla en el semblante de esta prostituta ni\u00f1a, en la que a\u00fan hace mella el pudor, a diferencia de la puta vieja, que hubiera exhibido su sexo desali\u00f1ado con arrogancia y provocaci\u00f3n.<\/p>\n\n\n\n<p>\u00bfQu\u00e9 edad puede tener?, \u00bfcatorce, diecis\u00e9is a\u00f1os? Da igual, demasiados pocos para su oficio. Zapatos elegantes (tal vez su \u00fanico lujo material), medias y ligas de mujer para unas piernas de adolescente echada al mundo de los desviados con demasiada premura. La naturaleza no ha terminado de moldear sus formas de mujer cuando la vida ya est\u00e1 imprimiendo en su cara la leve melancol\u00eda de las mujeres que se obligan a ejercer de actrices del amor. La seca desnudez de la chiquilla se contrapone al emperejilamiento del escenario, de una pretendida elegancia a la andaluza: asiento de madera de patio burgu\u00e9s, reja afiligranada sobre postigos vidriados, y un fondo de azulejos primorosamente pintados con motivos floreados, que visten su cuerpo como esos mantos recargados de encajes de oro que engalanan las v\u00edrgenes barrocas en Andaluc\u00eda cuando las sacan en procesi\u00f3n.<\/p>\n\n\n\n<p>La fotograf\u00eda es de Enrique Mel\u00e9ndez de la Fuente, un fot\u00f3grafo sevillano que comenz\u00f3 su andadura art\u00edstica a comienzos del siglo 20, que ten\u00eda una cierta tendencia a llevar la c\u00e1mara a lo prohibido, al decir de Pereiras y Holgado, a retratar lo que de muros adentro era puro secreto. Y\u00e1\u00f1ez Polo resalt\u00f3 su condici\u00f3n de observador y su afici\u00f3n a los ambientes picarescos, a hurgar en las interioridades de \u00abfulanillas y celestinas\u00bb. Mel\u00e9ndez, al realizar esta fotograf\u00eda de una de las ni\u00f1as de la calle de la Sopa, desnud\u00f3 para la posteridad una de las depravaciones que siempre han sido: la prostituci\u00f3n infantil.<\/p>\n\n\n\n<p>A pesar de los a\u00f1os transcurridos, hay algo de intemporal y de universal en la mirada de la joven prostituta. En realidad es la misma mirada que uno ha de soportar con angustia algunas madrugadas en el paseo de la Bomba de Granada, donde se venden las j\u00f3venes enganchadas a la droga; la mirada mestiza que me mord\u00eda la conciencia cuando atravesaba los exhibideros nocturnos de la Avenida Caracas en Bogot\u00e1, para\u00edso de desechables y otras gentes inquietantes; la mirada herida de tantas ni\u00f1as repartidas por el mundo que solo pueden provocar lascivia en personas desviadas y sin la menor conciencia de la dignidad humana. <em>Manuel Amezcua<\/em><\/p>\n\n\n\n<p>&#8230;&#8230;&#8230;&#8230;&#8230;..<br><em>Desechables<\/em>: as\u00ed se llama de manera despectiva a las personas sin hogar que deambulan por el sector sur de Bogot\u00e1.<\/p>\n\n\n\n<p style=\"font-size:15px\">&#8230;&#8230;&#8230;&#8230;&#8230;&#8230;&#8230;&#8230;&#8230;&#8230;.<br>Si te gustan mis relatos breves puedes encontrar algunos m\u00e1s en la secci\u00f3n #<a href=\"http:\/\/casamagina.fundacionindex.com\/?page_id=476\">TierraVac\u00eda<\/a> de la #CasaDeM\u00e1gina. Tambi\u00e9n puedes dejarme un comentario con lo que m\u00e1s te haya gustado, te quedar\u00e9 agradecido.<\/p>\n","protected":false},"excerpt":{"rendered":"<p>Escrib\u00ed este relato para la revista Index en el a\u00f1o 2000, comentando una fotograf\u00eda de Enrique Mel\u00e9ndez de la Fuente&nbsp;(1881-1965), el fot\u00f3grafo sevillano de lo prohibido, de una serie de ellas dedicadas a las prostitutas de la calle de la Sopa de Sevilla. Rara pose para quien mercadea con su cuerpo, ocultando al fot\u00f3grafo con &hellip; <a href=\"https:\/\/casamagina.fundacionindex.com\/?page_id=514\" class=\"more-link\">Seguir leyendo <span class=\"screen-reader-text\">La ni\u00f1a de la calle de la Sopa<\/span> <span class=\"meta-nav\">&rarr;<\/span><\/a><\/p>\n","protected":false},"author":3,"featured_media":0,"parent":0,"menu_order":0,"comment_status":"open","ping_status":"closed","template":"","meta":{"footnotes":""},"class_list":["post-514","page","type-page","status-publish","hentry"],"_links":{"self":[{"href":"https:\/\/casamagina.fundacionindex.com\/index.php?rest_route=\/wp\/v2\/pages\/514","targetHints":{"allow":["GET"]}}],"collection":[{"href":"https:\/\/casamagina.fundacionindex.com\/index.php?rest_route=\/wp\/v2\/pages"}],"about":[{"href":"https:\/\/casamagina.fundacionindex.com\/index.php?rest_route=\/wp\/v2\/types\/page"}],"author":[{"embeddable":true,"href":"https:\/\/casamagina.fundacionindex.com\/index.php?rest_route=\/wp\/v2\/users\/3"}],"replies":[{"embeddable":true,"href":"https:\/\/casamagina.fundacionindex.com\/index.php?rest_route=%2Fwp%2Fv2%2Fcomments&post=514"}],"version-history":[{"count":4,"href":"https:\/\/casamagina.fundacionindex.com\/index.php?rest_route=\/wp\/v2\/pages\/514\/revisions"}],"predecessor-version":[{"id":837,"href":"https:\/\/casamagina.fundacionindex.com\/index.php?rest_route=\/wp\/v2\/pages\/514\/revisions\/837"}],"wp:attachment":[{"href":"https:\/\/casamagina.fundacionindex.com\/index.php?rest_route=%2Fwp%2Fv2%2Fmedia&parent=514"}],"curies":[{"name":"wp","href":"https:\/\/api.w.org\/{rel}","templated":true}]}}